{"id":23,"date":"2024-05-10T08:14:27","date_gmt":"2024-05-10T08:14:27","guid":{"rendered":"https:\/\/socialtm.ro\/CARE4U\/?page_id=23"},"modified":"2024-12-24T12:10:21","modified_gmt":"2024-12-24T10:10:21","slug":"primii-pasi","status":"publish","type":"page","link":"https:\/\/socialtm.ro\/CARE4U\/primii-pasi\/","title":{"rendered":"Primii pa\u0219i"},"content":{"rendered":"\t\t<div data-elementor-type=\"wp-page\" data-elementor-id=\"23\" class=\"elementor elementor-23\">\n\t\t\t\t<div class=\"elementor-element elementor-element-de23b88 e-flex e-con-boxed e-con e-parent\" data-id=\"de23b88\" data-element_type=\"container\" data-e-type=\"container\">\n\t\t\t\t\t<div class=\"e-con-inner\">\n\t\t<div class=\"elementor-element elementor-element-4bf3ec0 e-con-full e-flex e-con e-child\" data-id=\"4bf3ec0\" data-element_type=\"container\" data-e-type=\"container\">\n\t\t\t\t<div class=\"elementor-element elementor-element-4e9c28b elementor-widget__width-initial elementor-widget elementor-widget-text-editor\" data-id=\"4e9c28b\" data-element_type=\"widget\" data-e-type=\"widget\" data-widget_type=\"text-editor.default\">\n\t\t\t\t<div class=\"elementor-widget-container\">\n\t\t\t\t\t\t\t\t\t<h5 style=\"font-size: 15px; font-style: normal; font-weight: 400;\"><strong>Copilul nou n\u0103scut trebuie \u00eenscris\/ luat \u00een eviden\u021ba unui medic de famile<\/strong>.<\/h5><p style=\"font-size: 15px; font-style: normal; font-weight: 400;\">Dac\u0103 este n\u0103scut <strong>prematur<\/strong> este monitorizat cu aten\u021bie pentru prevenirea sau minimizarea \u00eent\u00e2rzierii dezvolt\u0103rii prin identificarea timpurie a factorilor de risc \u0219i \u00eendrumarea c\u0103tre medicul specialist.<\/p>\t\t\t\t\t\t\t\t<\/div>\n\t\t\t\t<\/div>\n\t\t\t\t<\/div>\n\t\t\t\t\t<\/div>\n\t\t\t\t<\/div>\n\t\t<div class=\"elementor-element elementor-element-127191d e-flex e-con-boxed e-con e-parent\" data-id=\"127191d\" data-element_type=\"container\" data-e-type=\"container\">\n\t\t\t\t\t<div class=\"e-con-inner\">\n\t\t<div class=\"elementor-element elementor-element-605ccd0 e-con-full e-flex e-con e-child\" data-id=\"605ccd0\" data-element_type=\"container\" data-e-type=\"container\">\n\t\t\t\t<div class=\"elementor-element elementor-element-f2cdf91 elementor-widget__width-initial elementor-widget elementor-widget-image\" data-id=\"f2cdf91\" data-element_type=\"widget\" data-e-type=\"widget\" data-widget_type=\"image.default\">\n\t\t\t\t<div class=\"elementor-widget-container\">\n\t\t\t\t\t\t\t\t\t\t\t\t\t\t\t<img fetchpriority=\"high\" decoding=\"async\" width=\"1024\" height=\"1024\" src=\"https:\/\/socialtm.ro\/CARE4U\/wp-content\/uploads\/2024\/08\/pediatrician-doctor-woman-examining-baby-boy-1024x1024.png\" class=\"attachment-large size-large wp-image-3781\" alt=\"\" srcset=\"https:\/\/socialtm.ro\/CARE4U\/wp-content\/uploads\/2024\/08\/pediatrician-doctor-woman-examining-baby-boy-1024x1024.png 1024w, https:\/\/socialtm.ro\/CARE4U\/wp-content\/uploads\/2024\/08\/pediatrician-doctor-woman-examining-baby-boy-300x300.png 300w, https:\/\/socialtm.ro\/CARE4U\/wp-content\/uploads\/2024\/08\/pediatrician-doctor-woman-examining-baby-boy-150x150.png 150w, https:\/\/socialtm.ro\/CARE4U\/wp-content\/uploads\/2024\/08\/pediatrician-doctor-woman-examining-baby-boy-768x768.png 768w, https:\/\/socialtm.ro\/CARE4U\/wp-content\/uploads\/2024\/08\/pediatrician-doctor-woman-examining-baby-boy-1536x1536.png 1536w, https:\/\/socialtm.ro\/CARE4U\/wp-content\/uploads\/2024\/08\/pediatrician-doctor-woman-examining-baby-boy.png 2000w\" sizes=\"(max-width: 1024px) 100vw, 1024px\" \/>\t\t\t\t\t\t\t\t\t\t\t\t\t\t\t<\/div>\n\t\t\t\t<\/div>\n\t\t\t\t<\/div>\n\t\t\t\t<div class=\"elementor-element elementor-element-f465009 elementor-widget__width-initial elementor-widget elementor-widget-text-editor\" data-id=\"f465009\" data-element_type=\"widget\" data-e-type=\"widget\" data-widget_type=\"text-editor.default\">\n\t\t\t\t<div class=\"elementor-widget-container\">\n\t\t\t\t\t\t\t\t\t<p style=\"font-size: 15px; font-style: normal; font-weight: 400;\">\u00a0<\/p><p style=\"font-size: 15px; font-style: normal; font-weight: 400;\">Echipa medical\u0103:<\/p><ul style=\"font-size: 15px; font-style: normal; font-weight: 400; color: #61ce70;\"><li style=\"font-size: 15px; font-weight: 400;\" aria-level=\"1\"><span style=\"font-weight: bold;\">neonatolog,\u00a0<\/span><\/li><li style=\"font-size: 15px; font-weight: 400;\" aria-level=\"1\"><span style=\"font-weight: bold;\">pediatru,\u00a0<\/span><\/li><li style=\"font-size: 15px; font-weight: 400;\" aria-level=\"1\"><span style=\"font-weight: bold;\">neurolog,\u00a0<\/span><\/li><li style=\"font-size: 15px; font-weight: 400;\" aria-level=\"1\"><span style=\"font-weight: bold;\">oftalmolog,<\/span><\/li><li style=\"font-size: 15px; font-weight: 400;\" aria-level=\"1\"><span style=\"font-weight: bold;\">cardiolog,<\/span><\/li><li style=\"font-size: 15px; font-weight: 400;\" aria-level=\"1\"><span style=\"font-weight: bold;\">nefrolog,<\/span><\/li><li style=\"font-size: 15px; font-weight: 400;\" aria-level=\"1\"><span style=\"font-weight: bold;\">chirurg,<\/span><\/li><li style=\"font-size: 15px; font-weight: 400;\" aria-level=\"1\"><span style=\"font-weight: bold;\">endocrinolog.<\/span><\/li><\/ul>\t\t\t\t\t\t\t\t<\/div>\n\t\t\t\t<\/div>\n\t\t\t\t<div class=\"elementor-element elementor-element-6169e7d elementor-widget__width-initial elementor-widget elementor-widget-text-editor\" data-id=\"6169e7d\" data-element_type=\"widget\" data-e-type=\"widget\" data-widget_type=\"text-editor.default\">\n\t\t\t\t<div class=\"elementor-widget-container\">\n\t\t\t\t\t\t\t\t\t<h5><span style=\"font-weight: 400;\"><strong>Monitorizarea pe termen mediu \u0219i lung<\/strong> a copiilor cu risc crescut de a dezvolta complica\u0163ii va include urm\u0103toarele:<\/span><\/h5><ul><li><span style=\"font-weight: 400;\">consult Neonatal\/Pediatric-Ecografii transfontanelare seriate,<\/span><\/li><li><span style=\"font-weight: 400;\">consult Neurologie pediatric\u0103-Electroencefalograma seriat\u0103,<\/span><\/li><li><span style=\"font-weight: 400;\">consult Oftalmologic-Oftalmoscopie indirect\u0103,<\/span><\/li><li><span style=\"font-weight: 400;\">consult Cardiologie Pediatric\u0103-Ecocardiografie, EKG,<\/span><\/li><li><span style=\"font-weight: 400;\">consult Ortopedie pediatric\u0103,<\/span><\/li><li><span style=\"font-weight: 400;\">consult Endocrinologie pediatric\u0103 \u2013 doz\u0103ri hormonale,<\/span><\/li><li><span style=\"font-weight: 400;\">consult genetic.<\/span><\/li><\/ul>\t\t\t\t\t\t\t\t<\/div>\n\t\t\t\t<\/div>\n\t\t\t\t\t<\/div>\n\t\t\t\t<\/div>\n\t\t<div class=\"elementor-element elementor-element-739e75a e-con-full e-flex e-con e-parent\" data-id=\"739e75a\" data-element_type=\"container\" data-e-type=\"container\">\n\t\t<div class=\"elementor-element elementor-element-5eaa323 e-con-full e-flex e-con e-child\" data-id=\"5eaa323\" data-element_type=\"container\" data-e-type=\"container\">\n\t\t\t\t<div class=\"elementor-element elementor-element-8462dc6 elementor-widget elementor-widget-text-editor\" data-id=\"8462dc6\" data-element_type=\"widget\" data-e-type=\"widget\" data-widget_type=\"text-editor.default\">\n\t\t\t\t<div class=\"elementor-widget-container\">\n\t\t\t\t\t\t\t\t\t<p style=\"font-size: 15px; font-style: normal;\"><span style=\"font-weight: 400;\">Copiii cu <\/span><b>\u00eent\u00e2rzieri \u00een dezvoltare<\/b> sunt speciali pentru c\u0103 au nevoie de o\u00a0 \u00eengrijire mai atent\u0103 \u015fi canalizat\u0103 pe:\u00a0<\/p><ul style=\"font-size: 15px; font-style: normal;\"><li style=\"font-size: 15px;\" aria-level=\"1\"><span style=\"font-weight: 400;\">comportament <\/span><b>motor<\/b> (deplasare de-a bu\u015filea sau mersul, echilibru, pozi\u0163ia \u015fed\u00e2nd\u0103, urcat\/cobor\u00e2t sc\u0103ri, motricitate fin\u0103 a m\u00e2inilor- colorat, construc\u0163ia cuburilor)<\/li><li style=\"font-size: 15px;\" aria-level=\"1\"><span style=\"font-weight: 400;\">comportament <\/span><b>cognitiv<\/b> (receptivitate la stimuli, memorie, recunoa\u015ftere, reproducere, percep\u0163ie \u015fi reprezentare)<\/li><li style=\"font-size: 15px;\" aria-level=\"1\"><span style=\"font-weight: 400;\">comportament <\/span><b>verbal<\/b> (emitere sunete-g\u00e2ngurit-silabe-cuvinte, cuv\u00e2ntul propozi\u0163ie, fraze, structur\u0103 gramatical\u0103 a limbajului)<\/li><li style=\"font-size: 15px;\" aria-level=\"1\"><span style=\"font-weight: 400;\">comportament <\/span><b>socio-afectiv<\/b> (empatie, autoservire, implicare, impunere, opozi\u0163ie in joc)<\/li><\/ul><p>Important este s\u0103 ne concentr\u0103m asupra abilit\u0103\u0163ilor \u015fi competen\u0163elor pe care copiii le dob\u00e2ndesc \u00een mod obi\u015fnuit \u00een func\u0163ie de v\u00e2rsta lor. Dac\u0103 observ\u0103m o \u00eent\u00e2rziere semnificativ\u0103 \u00een compara\u0163ie cu al\u0163i copii de aceea\u015fi v\u00e2rst\u0103, poate fi un semnal de alarm\u0103.<\/p>\t\t\t\t\t\t\t\t<\/div>\n\t\t\t\t<\/div>\n\t\t\t\t<\/div>\n\t\t<div class=\"elementor-element elementor-element-0858a6c e-con-full e-flex e-con e-child\" data-id=\"0858a6c\" data-element_type=\"container\" data-e-type=\"container\">\n\t\t\t\t<div class=\"elementor-element elementor-element-bfa891f elementor-widget__width-initial elementor-widget elementor-widget-image\" data-id=\"bfa891f\" data-element_type=\"widget\" data-e-type=\"widget\" data-widget_type=\"image.default\">\n\t\t\t\t<div class=\"elementor-widget-container\">\n\t\t\t\t\t\t\t\t\t\t\t\t\t\t\t<img decoding=\"async\" width=\"1024\" height=\"1024\" src=\"https:\/\/socialtm.ro\/CARE4U\/wp-content\/uploads\/2024\/08\/babies-illustration-set-1024x1024.png\" class=\"attachment-large size-large wp-image-3777\" alt=\"\" srcset=\"https:\/\/socialtm.ro\/CARE4U\/wp-content\/uploads\/2024\/08\/babies-illustration-set-1024x1024.png 1024w, https:\/\/socialtm.ro\/CARE4U\/wp-content\/uploads\/2024\/08\/babies-illustration-set-300x300.png 300w, https:\/\/socialtm.ro\/CARE4U\/wp-content\/uploads\/2024\/08\/babies-illustration-set-150x150.png 150w, https:\/\/socialtm.ro\/CARE4U\/wp-content\/uploads\/2024\/08\/babies-illustration-set-768x768.png 768w, https:\/\/socialtm.ro\/CARE4U\/wp-content\/uploads\/2024\/08\/babies-illustration-set-1536x1536.png 1536w, https:\/\/socialtm.ro\/CARE4U\/wp-content\/uploads\/2024\/08\/babies-illustration-set.png 2000w\" sizes=\"(max-width: 1024px) 100vw, 1024px\" \/>\t\t\t\t\t\t\t\t\t\t\t\t\t\t\t<\/div>\n\t\t\t\t<\/div>\n\t\t\t\t<\/div>\n\t\t\t\t<\/div>\n\t\t<div class=\"elementor-element elementor-element-32e80bf e-grid e-con-boxed e-con e-parent\" data-id=\"32e80bf\" data-element_type=\"container\" data-e-type=\"container\">\n\t\t\t\t\t<div class=\"e-con-inner\">\n\t\t<div class=\"elementor-element elementor-element-c093de2 e-con-full e-flex e-con e-child\" data-id=\"c093de2\" data-element_type=\"container\" data-e-type=\"container\">\n\t\t\t\t<\/div>\n\t\t\t\t<div class=\"elementor-element elementor-element-c42a3a6 elementor-view-default elementor-widget elementor-widget-icon\" data-id=\"c42a3a6\" data-element_type=\"widget\" data-e-type=\"widget\" data-widget_type=\"icon.default\">\n\t\t\t\t<div class=\"elementor-widget-container\">\n\t\t\t\t\t\t\t<div class=\"elementor-icon-wrapper\">\n\t\t\t<a class=\"elementor-icon\" href=\"https:\/\/socialtm.ro\/CARE4U\/interventia-timpurie\/\">\n\t\t\t<svg aria-hidden=\"true\" class=\"e-font-icon-svg e-far-arrow-alt-circle-right\" viewBox=\"0 0 512 512\" xmlns=\"http:\/\/www.w3.org\/2000\/svg\"><path d=\"M504 256C504 119 393 8 256 8S8 119 8 256s111 248 248 248 248-111 248-248zm-448 0c0-110.5 89.5-200 200-200s200 89.5 200 200-89.5 200-200 200S56 366.5 56 256zm72 20v-40c0-6.6 5.4-12 12-12h116v-67c0-10.7 12.9-16 20.5-8.5l99 99c4.7 4.7 4.7 12.3 0 17l-99 99c-7.6 7.6-20.5 2.2-20.5-8.5v-67H140c-6.6 0-12-5.4-12-12z\"><\/path><\/svg>\t\t\t<\/a>\n\t\t<\/div>\n\t\t\t\t\t\t<\/div>\n\t\t\t\t<\/div>\n\t\t\t\t\t<\/div>\n\t\t\t\t<\/div>\n\t\t\t\t<\/div>\n\t\t","protected":false},"excerpt":{"rendered":"<p>Copilul nou n\u0103scut trebuie \u00eenscris\/ luat \u00een eviden\u021ba unui medic de famile. Dac\u0103 este n\u0103scut prematur este monitorizat cu aten\u021bie pentru prevenirea sau minimizarea \u00eent\u00e2rzierii dezvolt\u0103rii prin identificarea timpurie a factorilor de risc \u0219i \u00eendrumarea c\u0103tre medicul specialist. \u00a0 Echipa medical\u0103: neonatolog,\u00a0 pediatru,\u00a0 neurolog,\u00a0 oftalmolog, cardiolog, nefrolog, chirurg, endocrinolog. Monitorizarea pe termen mediu \u0219i lung [&hellip;]<\/p>\n","protected":false},"author":1,"featured_media":0,"parent":0,"menu_order":0,"comment_status":"closed","ping_status":"closed","template":"elementor_theme","meta":{"site-sidebar-layout":"default","site-content-layout":"","ast-site-content-layout":"default","site-content-style":"default","site-sidebar-style":"default","ast-global-header-display":"","ast-banner-title-visibility":"","ast-main-header-display":"","ast-hfb-above-header-display":"","ast-hfb-below-header-display":"","ast-hfb-mobile-header-display":"","site-post-title":"","ast-breadcrumbs-content":"","ast-featured-img":"","footer-sml-layout":"","theme-transparent-header-meta":"default","adv-header-id-meta":"","stick-header-meta":"","header-above-stick-meta":"","header-main-stick-meta":"","header-below-stick-meta":"","astra-migrate-meta-layouts":"set","ast-page-background-enabled":"default","ast-page-background-meta":{"desktop":{"background-color":"","background-image":"","background-repeat":"repeat","background-position":"center center","background-size":"auto","background-attachment":"scroll","background-type":"","background-media":"","overlay-type":"","overlay-color":"","overlay-opacity":"","overlay-gradient":""},"tablet":{"background-color":"","background-image":"","background-repeat":"repeat","background-position":"center center","background-size":"auto","background-attachment":"scroll","background-type":"","background-media":"","overlay-type":"","overlay-color":"","overlay-opacity":"","overlay-gradient":""},"mobile":{"background-color":"","background-image":"","background-repeat":"repeat","background-position":"center center","background-size":"auto","background-attachment":"scroll","background-type":"","background-media":"","overlay-type":"","overlay-color":"","overlay-opacity":"","overlay-gradient":""}},"ast-content-background-meta":{"desktop":{"background-color":"var(--ast-global-color-5)","background-image":"","background-repeat":"repeat","background-position":"center center","background-size":"auto","background-attachment":"scroll","background-type":"","background-media":"","overlay-type":"","overlay-color":"","overlay-opacity":"","overlay-gradient":""},"tablet":{"background-color":"var(--ast-global-color-5)","background-image":"","background-repeat":"repeat","background-position":"center center","background-size":"auto","background-attachment":"scroll","background-type":"","background-media":"","overlay-type":"","overlay-color":"","overlay-opacity":"","overlay-gradient":""},"mobile":{"background-color":"var(--ast-global-color-5)","background-image":"","background-repeat":"repeat","background-position":"center center","background-size":"auto","background-attachment":"scroll","background-type":"","background-media":"","overlay-type":"","overlay-color":"","overlay-opacity":"","overlay-gradient":""}},"footnotes":""},"class_list":["post-23","page","type-page","status-publish","hentry"],"_links":{"self":[{"href":"https:\/\/socialtm.ro\/CARE4U\/wp-json\/wp\/v2\/pages\/23","targetHints":{"allow":["GET"]}}],"collection":[{"href":"https:\/\/socialtm.ro\/CARE4U\/wp-json\/wp\/v2\/pages"}],"about":[{"href":"https:\/\/socialtm.ro\/CARE4U\/wp-json\/wp\/v2\/types\/page"}],"author":[{"embeddable":true,"href":"https:\/\/socialtm.ro\/CARE4U\/wp-json\/wp\/v2\/users\/1"}],"replies":[{"embeddable":true,"href":"https:\/\/socialtm.ro\/CARE4U\/wp-json\/wp\/v2\/comments?post=23"}],"version-history":[{"count":58,"href":"https:\/\/socialtm.ro\/CARE4U\/wp-json\/wp\/v2\/pages\/23\/revisions"}],"predecessor-version":[{"id":4317,"href":"https:\/\/socialtm.ro\/CARE4U\/wp-json\/wp\/v2\/pages\/23\/revisions\/4317"}],"wp:attachment":[{"href":"https:\/\/socialtm.ro\/CARE4U\/wp-json\/wp\/v2\/media?parent=23"}],"curies":[{"name":"wp","href":"https:\/\/api.w.org\/{rel}","templated":true}]}}